r) = 5*r - 8. Calculate q(4).
12
Let k(v) = -13*v - 96. Determine k(-8).
8
Let m(q) = -q**3 + 7*q**2 + 8*q + 6. Calculate m(8).
6
Let y(b) = -b**3 + 6*b**2 + b - 4. Determine y(6).
2
Let q(h) = -h**3 - 11*h**2 + 2*h + 20. What is q(-11)?
-2
Let x(r) = r**2 - 33*r - 70. What is x(-2)?
0
Let g(v) = -8*v + 3. What is g(-1)?
11
Let l(c) = 2*c**2 + 6*c - 4. Calculate l(-5).
16
Let l(k) = 3*k + 4. Calculate l(-3).
-5
Let j(u) = -4*u**2 - 36*u - 30. Calculate j(-8).
2
Let n(u) = -u**3 - 2*u**2 + 35*u + 19. Calculate n(-7).
19
Let r(m) = m**3 - 9*m**2 - 12*m + 13. Determine r(10).
-7
Let n(m) = -14*m**2 - 3*m - 4. Determine n(-2).
-54
Let f(j) = -j**2 - 6*j + 12. Calculate f(7).
-79
Let c(t) = -8*t - 55. Calculate c(-6).
-7
Let q(u) = -2*u - 9. Give q(-7).
5
Let i(v) = 6*v - 1. Calculate i(-3).
-19
Let t(c) = c**3 + 19*c**2 - c - 23. Determine t(-19).
-4
Let d(o) = -2*o + 14. Determine d(10).
-6
Let m(c) = c**2 - 3*c + 7. Calculate m(3).
7
Let f(q) = 22*q - 109. Determine f(5).
1
Let z(f) = -f**3 + 9*f**2 - 9*f - 7. Calculate z(8).
-15
Let b(w) = w**2 + 17*w - 8. What is b(-17)?
-8
Let f(s) = -10*s - 18. What is f(-2)?
2
Let s(b) = -b**2 - 15*b - 35. Determine s(-14).
-21
Let h(u) = u**3 + 48*u**2 + 43*u - 187. Give h(-47).
1
Let x(c) = -3*c + 14. Calculate x(-13).
53
Let i(b) = 4*b**3 + 3*b**2 - b - 2. What is i(1)?
4
Let v(c) = c**2 + c + 12. Determine v(-4).
24
Let i(x) = x + 16. What is i(-17)?
-1
Let s(j) = j**3 - 2*j**2 + 2*j - 1. Determine s(1).
0
Let l(s) = s**3 - 10*s**2 + 12*s + 19. Give l(8).
-13
Let k(u) = u**2 - 8*u - 4. Give k(8).
-4
Let c(y) = -y**3 + y**2 + 3*y + 1. Calculate c(3).
-8
Let b(k) = 7*k - 10. What is b(3)?
11
Let n(o) = 2*o**2 + o. What is n(4)?
36
Let b(p) = -p**3 - 36*p**2 + 35*p - 88. Determine b(-37).
-14
Let z(k) = 4*k - 3. Determine z(4).
13
Let y(q) = -12*q - 28. Determine y(-4).
20
Let n(z) = 2*z**2 + z - 5. What is n(-6)?
61
Let w(l) = 26*l + 3. What is w(-2)?
-49
Let f(w) = -w**2 + 16*w - 41. Determine f(12).
7
Let w(q) = q + 5. Calculate w(-3).
2
Let c(j) = -72*j**2 + j. What is c(1)?
-71
Let u(k) = -k**2 - 9*k - 7. Calculate u(-7).
7
Let m(i) = -5*i**3 + 2*i**2 + 2*i + 1. Determine m(-1).
6
Let g(v) = -v**3 + 6*v**2 + 8*v - 16. Calculate g(0).
-16
Let y(s) = 110*s + 1320. Determine y(-12).
0
Let n(m) = 5*m - 16. What is n(4)?
4
Let m(v) = -7*v**3 + 5*v**2 + 8*v + 6. Give m(-1).
10
Let d(j) = j**3 - 2*j**2 - 4*j + 4. Give d(-4).
-76
Let y(j) = -j**2 + 10*j - 4. Give y(9).
5
Let m(r) = 3*r - 81. Give m(26).
-3
Let h(b) = -55*b - 60. Give h(-1).
-5
Let m(w) = w**3 + 8*w**2 + 8*w + 11. What is m(-7)?
4
Let u(k) = k**3 + 5*k**2 - 4*k - 4. Determine u(-6).
-16
Let w(v) = 6*v**3 + 3*v**2 - 1. Determine w(-2).
-37
Let j(z) = -z**2 - 10*z - 10. Give j(-6).
14
Let d(t) = 12*t**2 - 70*t - 7. Determine d(6).
5
Let y(w) = w**2 + 6*w - 17. Determine y(3).
10
Let v(u) = u**3 - 8*u**2 + 5*u + 2. What is v(5)?
-48
Let l(g) = -2*g**2 + 8*g - 11. Determine l(5).
-21
Let y(f) = -f**2 + 12*f + 56. Give y(-4).
-8
Let j(m) = m**3 - m**2 - 11*m + 12. Give j(2).
-6
Let u(z) = -z**2 - 21*z - 37. Calculate u(-19).
1
Let f(h) = h**2 + 4*h - 7. What is f(-6)?
5
Let a(n) = -2*n**3 + 6*n**2 - 7*n + 4. Determine a(4).
-56
Let d(c) = 9*c - 13. What is d(4)?
23
Let b(g) = -3*g**2 - 2*g + 3. Determine b(1).
-2
Let r(y) = -4*y + 10. What is r(8)?
-22
Let p(y) = -y**2 + 25*y + 269. Calculate p(-8).
5
Let d(i) = i**3 + 9*i**2 - 9*i - 12. Calculate d(-9).
69
Let c(x) = -x**3 + 4*x**2 - 4*x + 9. Give c(4).
-7
Let x(f) = f**3 + 9*f**2 + 11*f - 25. Calculate x(-7).
-4
Let i(g) = -3*g + 1. Calculate i(-2).
7
Let g(o) = 3*o - 4. Determine g(7).
17
Let b(g) = g**2 + 13*g + 20. Give b(-9).
-16
Let x(u) = 18*u + 44. Calculate x(-3).
-10
Let n(m) = 2*m**2 + 132*m - 122. Calculate n(-67).
12
Let t(v) = 14*v - 165. Determine t(12).
3
Let t(y) = -y**2 + 8*y - 10. Calculate t(7).
-3
Let f(b) = -2*b + 38. Give f(14).
10
Let h(m) = 5*m - 10. Calculate h(7).
25
Let z(g) = -g**2 - 5*g + 14. What is z(2)?
0
Let z(o) = o + 3. What is z(-9)?
-6
Let r(n) = 11*n**2 + 4*n + 5. Give r(-2).
41
Let x(z) = -z**3 + 19*z**2 + z - 19. Give x(19).
0
Let x(c) = -12*c + 2. Give x(-1).
14
Let j(h) = -h**2 - 7*h - 4. Calculate j(-5).
6
Let s(m) = 4*m**2 + 80*m + 77. Give s(-19).
1
Let x(y) = y**3 + 17*y**2 - y - 17. Determine x(-17).
0
Let n(s) = -s**2 - 3*s + 23. Calculate n(0).
23
Let d(x) = -x - 41. What is d(-20)?
-21
Let a(s) = -s**2 + 19*s - 11. Determine a(19).
-11
Let x(f) = 17*f - 285. Calculate x(17).
4
Let d(v) = 2*v**2 + 10*v + 57. Calculate d(-7).
85
Let s(d) = -d**2 + 3*d - 66. What is s(0)?
-66
Let v(q) = -q**3 - 12*q**2 + 13*q - 1. What is v(-13)?
-1
Let k(j) = j**2 - 5*j - 8. Calculate k(-4).
28
Let u(z) = -z**2 + 18*z + 61. Determine u(21).
-2
Let a(d) = -8*d - 8. Determine a(-5).
32
Let j(c) = 2*c**2 - 19*c + 1. What is j(10)?
11
Let l(w) = -6*w + 164. What is l(24)?
20
Let u(k) = -k**3 - 7*k**2 - 6*k + 11. What is u(-6)?
11
Let o(y) = -y - 16. Determine o(-16).
0
Let y(w) = w**3 + 5*w**2 - 5*w + 15. What is y(-6)?
9
Let z(r) = r**2 - 9*r. Calculate z(9).
0
Let s(x) = -x**2 - 15*x + 134. Calculate s(-18).
80
Let g(m) = m**3 - 8*m**2 + 7*m + 1. Give g(7).
1
Let v(n) = 2*n + 1. Give v(-1).
-1
Let a(v) = 3*v**2 - 19*v + 2. Give a(6).
-4
Let c(m) = -m**2 + 12*m + 14. Calculate c(12).
14
Let w(p) = 3*p - 84. Determine w(12).
-48
Let f(k) = k**3 + 10*k**2 + 4*k - 10. What is f(-9)?
35
Let c(t) = t. Determine c(5).
5
Let c(o) = 2*o**2 + 3*o - 93. Determine c(7).
26
Let t(r) = r**2 - 2*r - 76. What is t(0)?
-76
Let j(v) = v**3 + 6*v**2 - 7*v - 5. What is j(-7)?
-5
Let s(z) = -4*z + 11. Determine s(7).
-17
Let m(v) = -2*v**2 + 2*v + 4. Determine m(4).
-20
Let f(o) = o**3 + o**2 + o + 2. Calculate f(-2).
-4
Let z(w) = w**3 + 3*w**2 - w - 3. Determine z(-3).
0
Let d(t) = 10*t**2 - 2*t. What is d(1)?
8
Let m(s) = s**3 - 2*s**2 + s - 4. What is m(3)?
8
Let u(v) = 4*v**2 - 3*v + 2. Calculate u(2).
12
Let g(w) = -w**2 + 13*w + 39. Give g(16).
-9
Let p(c) = 44*c - 359. What is p(8)?
-7
Let b(c) = 14*c + 337. Calculate b(-24).
1
Let w(c) = -c**2 - 4*c - 3. Calculate w(-5).
-8
Let r(x) = -10*x - 1. Give r(-1).
9
Let m(k) = k + 6. What is m(-9)?
-3
Let v(u) = -u**2 - 17*u + 25. Give v(-19).
-13
Let g(z) = -12*z - 14. Calculate g(0).
-14
Let p(d) = -2*d - 46. Determine p(-20).
-6
Let k(l) = l**2 - 10*l - 15. Calculate k(11).
-4
Let y(k) = -k - 4. Give y(11).
-15
Let d(i) = i**2 - 21*i - 95. What is d(25)?
5
Let u(r) = 5*r - 34. Determine u(10).
16
Let u(k) = -k**2 + 15*k - 8. Give u(17).
-42
Let o(a) = a**3 - 15*a**2 + 25*a + 16. What is o(13)?
3
Let b(h) = 2*h**2 + 20*h. Give b(-17).
238
Let s(x) = -2*x**3 + 14*x**2 + 10*x - 71. Determine s(7).
-1
Let z(p) = p**2 - 6*p - 8. Give z(6).
-8
Let n(p) = p**3 + 4*p**2 - 5*p - 1. Calculate n(-3).
23
Let c(r) = 2*r - 10. Give c(-14).
-38
Let x(q) = q**3 - 2*q**2 + q - 11. Determine x(3).
1
Let n(q) = 51*q**3 + 2*q**2 - 2*q + 1. Determine n(1).
52
Let o(j) = -j**3 - 12*j**2 + 13*j - 3. Determine o(-13).
-3
Let k(p) = -p**3 + 2*p**2 + 2*p + 79. What is k(0)?
79
Let s(z) = -z**2 + 8*z - 18. Determine s(6).
-6
Let m(j) = -j**2 - 8*j - 27. Calculate m(-6).
-15
Let l(m) = 11*m + 15. What is l(-1)?
4
Let y(o) = -o**3 + 3*o**2 + 86*o - 9. Determine y(-8).
7
Let l(i) = -4*i + 111. What is l(23)?
19
Let z(b) = -34*b - 1153. Calculate z(-34).
3
Let i(w) = 3*w + 3. What is i(0)?
3
Let m(i) = 11*i - 34. Determine m(4).
10
Let h(t) = -16*t - 4. Determine h(-1).
12
Let y(v) = v**3 + 7*v**2 + 12*v + 3. Calculate y(-4).
3
Let f(j) = 2*j**2 - 3. Calculate f(2).
5
Let a(w) = -w**3 + 2*w**2 + 8*w + 5. Give a(5).
-30
Let p(m) = -m**2 + 28*m + 60. Determine p(-2).
0
Let m(o) = -3*o + 26. What is m(12)?
-10
Let f(w) = -w - 5. Calculate f(-5).
0
Let v(c) = 4*c + 1. Give v(5).
21
Let s(t) = -t**3 + 12*t**2 + 13*t + 6. Determine s(13).
6
Let n(g) = g**2 - 3. Determine n(3).
6
Let l(v) = -19*v - 16. Calculate l(-8).
136
Let z(l) = 3*l + 38. Determine z(-14).
-4
Let j(u) = -u + 15. Give j(26).
-11
Let t(g) = g**2 + 9*g + 14. Give t(-7).
0
Let k(c) = -c + 7. Determine k(-5).
12
Let k(r) = r**3 + 12*r**2 + 24*r - 32. Determine k(-9).
-5
Let c(r) = r**2 - 13*r - 201. What is c(-9)?
-3
Let h(p) = 4*p + 1. Give h(2).
9
Let z(q) = -2*q**2 + 44*q - 9. Give z(22).
-9
Let 